 factors of o?
2
Let q be 228/16 + (-9)/(-12). Let r be 3 + -7 + (-4 - -63). Let d = r - q. List the prime factors of d.
2, 5
Let m(q) = 6*q**2 - q + 28. What are the prime factors of m(4)?
2, 3, 5
List the prime factors of (-2 + 1)/(37/(-157028)).
2, 1061
Suppose -5*o = 2 - 7. Suppose 0 = j - 0*j + o. List the prime factors of 26 + j/(-2 - -1).
3
Suppose -56*k + 10343 + 234265 = 0. List the prime factors of k.
2, 3, 7, 13
Suppose -q + 3 = 0, 2 + 1 = -4*r + 5*q. Suppose r*x = -2*x + 270. What are the prime factors of x?
2, 3
Suppose z + 26 = 3*z. Suppose z + 3 = 4*o. Suppose -5*p - 4*b = -60, 0 = -3*p - o*b + 56 - 20. What are the prime factors of p?
2, 3
Let u = 47 + -36. Suppose -7*b = -u*b + 128. List the prime factors of b.
2
Let o(x) = -12*x**3 - 2*x**2 + 1. Let f be o(-1). Let d(n) = n**3 - 9*n**2 - 17*n + 7. What are the prime factors of d(f)?
2, 31
Let z = 23 - 17. Suppose -z*u = -u - 245. Suppose -2*i - 10 = -4*i, -r + u = -2*i. List the prime factors of r.
59
Suppose 20*u - 14277 = 1203. What are the prime factors of u?
2, 3, 43
Suppose 4*c = -y - c + 10, -2*c = 5*y - 50. Let r(u) = 2*u**2 - 15*u + 6. Let h be r(y). Suppose h + 4 = 3*i. List the prime factors of i.
2, 5
Let b = -328 + 118. Let i = 423 + b. What are the prime factors of i?
3, 71
Let f(d) = 4*d**2 - 3*d - 1. Let m be f(4). Let y = 5 + 1. Suppose q + g = y*q - m, 55 = 5*q - 5*g. List the prime factors of q.
2, 5
Let d(t) = -t - 6. Let j be d(-6). Suppose 2*b = -5*i + 51, 0 = -2*b - j*b + 5*i + 61. Suppose 4*l - b = 68. List the prime factors of l.
2, 3
Let z = -1 + -13. Let n = z + 19. Suppose -25 = -6*w + n*w. What are the prime factors of w?
5
Let v(t) = -t + 2. Let r be v(7). Let n = 11 - r. What are the prime factors of n?
2
Let r = 3165 + -1403. List the prime factors of r.
2, 881
Let l(p) = -5*p - 4. Let q = -18 + 13. Let y be l(q). Let h = y - -6. What are the prime factors of h?
3
Let a = 25 - 16. Suppose 3*p - 2*q - 65 = 0, a*q = 2*p + 4*q - 47. Suppose -5*o + 37 = 2*v, -2*v + 4*o + p = -43. List the prime factors of v.
2, 13
Let h(q) = 7*q - 11. Suppose u = -0*u + 11. What are the prime factors of h(u)?
2, 3, 11
Let q be (-1 + 1)/(5 + -3)*-1. Suppose q = 4*x + 3*a - 422 - 71, -3*x + 372 = 3*a. What are the prime factors of x?
11
Suppose 7*a = 4254 - 68. List the prime factors of a.
2, 13, 23
Let o be -3*(20/(-12) + 3). What are the prime factors of (-1)/(-2)*(o - -88)?
2, 3, 7
Let l = -8 - -45. Let n = l + -63. Let m = 96 + n. List the prime factors of m.
2, 5, 7
Let l be 3*5/5 - 2. List the prime factors of ((-3)/l - -3) + 17.
17
Let x = 81 - 81. Suppose -4*y + 362 = -v, v - 3 + 1 = x. List the prime factors of y.
7, 13
Suppose 0 = -34*b + 19078 + 107640. List the prime factors of b.
3727
Suppose -8*c + 4620 = -c. Suppose -6*b = -b - 4*z - c, -b - 4*z + 156 = 0. List the prime factors of b.
2, 17
Let f = 564 + -367. What are the prime factors of f?
197
List the prime factors of (-2)/((-1)/(-1)) - -142.
2, 5, 7
Let g be (-70)/(-3) - (-14)/21. Suppose 5*n + g = 8*n. Suppose j = -3*u + 16, -3*u - j + n = 4*j. What are the prime factors of u?
2, 3
Let d = -17 + 16. Let z(s) = 23*s**2 - s - 1. What are the prime factors of z(d)?
23
Suppose -2*r + 4 = -0. Suppose x + r*x = 156. What are the prime factors of x?
2, 13
Let v(f) = 3*f - 13. Let y be v(6). Suppose 0 = 3*s - y*s + 222. List the prime factors of s.
3, 37
Let a = 4312 - 736. List the prime factors of a.
2, 3, 149
Let m(u) = -u**3 + 15*u**2 + 5. Let j be m(15). Suppose -j*p = -3*o - 323, 3 - 23 = -5*o. List the prime factors of p.
67
Let h = 3 - -120. What are the prime factors of h?
3, 41
Let t = 77 + -47. Suppose 5*k - t - 200 = 0. What are the prime factors of k?
2, 23
Let x(v) = -2*v + 26. Let s be x(9). Let q(z) = -z**3 + 8*z**2 - 1. Let a be q(s). What are the prime factors of (-11)/11*(-33 + a)?
2, 17
Let j(r) = -47*r - 1. What are the prime factors of j(-1)?
2, 23
Let x(p) = 103*p - 527. List the prime factors of x(27).
2, 7, 23
Let i = -20 + 369. List the prime factors of i.
349
Let i(t) = -32*t - 81. What are the prime factors of i(-11)?
271
Suppose 5 - 1 = 2*c. Let z be 28/8 - 1/c. Suppose 3*u = -3*g - 0*g + z, -5*g + 45 = -5*u. What are the prime factors of g?
5
Let n = -968 - -1471. What are the prime factors of n?
503
Let s = 224 - 196. What are the prime factors of s?
2, 7
Suppose -g + 4*g = 1788. What are the prime factors of g?
2, 149
Suppose -5*g + 2*t - 88 = t, -3*g = -5*t + 66. Suppose 0 = 5*q + 7 + 18. Let n = q - g. List the prime factors of n.
2, 3
Let c = 2641 - 1054. List the prime factors of c.
3, 23
List the prime factors of 839214/486 - 8/(-36).
11, 157
Suppose -4*j = -8*f + 9*f - 2922, 0 = 3*j - 4*f - 2201. What are the prime factors of j?
17, 43
Let x(k) = 6*k**2 - 6*k + 7. Let u be x(2). Suppose v + 4*c - u = 2*c, 3*v - 2*c - 57 = 0. List the prime factors of v.
19
Let g(t) be the first derivative of -23*t**2/2 - 5*t - 13. List the prime factors of g(-2).
41
Let g = 0 + 56. List the prime factors of g.
2, 7
Suppose 77*u - 79*u + 12 = 0. Suppose u*d - 1674 = -3*d. List the prime factors of d.
2, 3, 31
Suppose 10 = 4*r + 58. What are the prime factors of (r/(-8))/((-5)/(-70))?
3, 7
Let x be (-3 - 0) + -3 + 2. Let n be 2 - (x + 3) - -24. Let s = -16 + n. List the prime factors of s.
11
Let p(d) be the first derivative of d**3/3 + 4*d**2 + 3*d + 1. Let z be p(-8). Suppose 0 = -3*o + 6, 5 + 73 = 4*r - z*o. List the prime factors of r.
3, 7
Let v be 44/6 + 2/(-6). Let g(f) = -8 - 7*f + 5 + v. What are the prime factors of g(-4)?
2
Let o = 8 - 6. Suppose 2*n + 19 = -5*x, -2*n - o*n = -2*x + 2. List the prime factors of (-1 - n)/(1/23).
23
Let x(h) = -6*h + 5*h - 23 - 7*h. List the prime factors of x(-11).
5, 13
Let i(u) = 21*u + 94. List the prime factors of i(27).
661
Let k be 1 - (-9)/(27/(-15)). Suppose -t = t. List the prime factors of k + 4 + (6 - t).
2, 3
Let z = -774 + 2314. List the prime factors of z.
2, 5, 7, 11
Let h = -48 - -268. List the prime factors of h.
2, 5, 11
Let l(w) = -w**2 - 2*w + 1. Let m(r) = 2*r - 1. Let t(h) = -5*l(h) - 6*m(h). Suppose 5*f - 10 = -0*f. What are the prime factors of t(f)?
17
Suppose -1640 = -16*j + 11*j. List the prime factors of j.
2, 41
What are the prime factors of ((-836)/(-627))/((-8)/(-9486))?
3, 17, 31
Let s(i) = 71*i - 326. What are the prime factors of s(20)?
2, 547
Let r(x) = -38*x - 171. List the prime factors of r(-13).
17, 19
Suppose 4*m = a - 217 - 200, 447 = a + 2*m. What are the prime factors of a?
19, 23
Suppose -32*k + 47 = -81. List the prime factors of k.
2
Suppose -4*y - 76 = 5*g - 9*g, -g + 4*y + 4 = 0. What are the prime factors of g?
2, 3
Let x(t) = t**3 - 4*t**2 + 5*t - 11. Let w be (15/(-45))/(0 + 2/(-36)). What are the prime factors of x(w)?
7, 13
List the prime factors of 274624/168 + (-8)/(-6).
2, 409
Let a be 1 - 0 - (230 - -2). Let k = a + 328. List the prime factors of k.
97
Suppose 3*s - n = -41, -4*s - s = 3*n + 59. Let v = s - -55. What are the prime factors of v?
2, 3, 7
Let l(v) = -v**2 - 40*v - 33. List the prime factors of l(-16).
3, 13
Suppose 504 = 2*m - 4*d, 7*d = 2*m + 2*d - 500. Suppose 5*o = -8*k + 3*k + m, -5*k = -o - 236. List the prime factors of k.
2, 3
Let s = 126 + -126. Suppose 1 = -s*d - d, -137 = -m - d. What are the prime factors of m?
2, 3, 23
Suppose -4*j = -0*j - 2700. Suppose -3*n - 6*n = -j. What are the prime factors of n?
3, 5
Suppose -7 = 2*w - 3*s + 8*s, -13 = -w + 3*s. Suppose -2*n = -w*f + 68, 0*f - 3*n + 96 = 5*f. What are the prime factors of f?
2, 3
Let m(r) = -6*r**2 + 4*r + 10. Let t(v) = v**2 - v - 2. Let o(x) = 2*m(x) + 11*t(x). Let w be o(-3). List the prime factors of 20 + w*(-1 - 0).
2, 11
Let m(v) = 7*v**2 + 15*v + 3. What are the prime factors of m(7)?
11, 41
Suppose 4*g - 8 = 4. Suppose 0 = g*z - 3*q - 78, 0 = 2*z + z + 2*q - 63. Suppose -z + 133 = 5*t. List the prime factors of t.
2, 11
Let v(m) = -m**3 + 4*m**2 - 2*m - 6. Let g be (-190)/(-45) - (-8)/(-36). Suppose t - 1 = -g. List the prime factors of v(t).
3, 7
Let t = 4 + 1. Suppose -b + t*b = 0. Suppose 0 = -5*k - b*k + 175. List the prime factors of k.
5, 7
List the prime factors of 3 - (-104)/(-36) - (-33172)/18.
19, 97
Suppose 14*q = 19*q + 25. Let w(v) = -v**3 - 5*v**2 - 2*v + 6. What are the prime 